st the prime factors of 80042.
2, 31, 1291
List the prime factors of 2583.
3, 7, 41
List the prime factors of 2780.
2, 5, 139
What are the prime factors of 143238?
2, 3, 23873
List the prime factors of 2291.
29, 79
List the prime factors of 279.
3, 31
List the prime factors of 2931.
3, 977
What are the prime factors of 13463?
13463
List the prime factors of 2236.
2, 13, 43
List the prime factors of 7281.
3, 809
What are the prime factors of 441?
3, 7
List the prime factors of 1075.
5, 43
List the prime factors of 8066.
2, 37, 109
What are the prime factors of 20863?
31, 673
What are the prime factors of 1041?
3, 347
What are the prime factors of 5721?
3, 1907
What are the prime factors of 35849?
11, 3259
What are the prime factors of 24134?
2, 11, 1097
What are the prime factors of 59964?
2, 3, 19, 263
List the prime factors of 21373.
11, 29, 67
What are the prime factors of 2498?
2, 1249
What are the prime factors of 26651?
29, 919
What are the prime factors of 5030?
2, 5, 503
List the prime factors of 9325.
5, 373
What are the prime factors of 1640?
2, 5, 41
List the prime factors of 156.
2, 3, 13
List the prime factors of 47028.
2, 3, 3919
List the prime factors of 871.
13, 67
List the prime factors of 15366.
2, 3, 13, 197
What are the prime factors of 35832?
2, 3, 1493
What are the prime factors of 7521?
3, 23, 109
List the prime factors of 27496.
2, 7, 491
List the prime factors of 155479.
181, 859
What are the prime factors of 12693?
3, 4231
What are the prime factors of 1088?
2, 17
List the prime factors of 118976.
2, 11, 13
What are the prime factors of 113?
113
What are the prime factors of 50416?
2, 23, 137
List the prime factors of 8159.
41, 199
What are the prime factors of 1179?
3, 131
List the prime factors of 27653.
27653
List the prime factors of 803.
11, 73
List the prime factors of 1041.
3, 347
List the prime factors of 5496.
2, 3, 229
What are the prime factors of 187?
11, 17
What are the prime factors of 6714?
2, 3, 373
What are the prime factors of 4127?
4127
List the prime factors of 1028.
2, 257
List the prime factors of 4295.
5, 859
What are the prime factors of 13378?
2, 6689
What are the prime factors of 10250?
2, 5, 41
What are the prime factors of 3700?
2, 5, 37
List the prime factors of 15127.
7, 2161
List the prime factors of 33947.
83, 409
List the prime factors of 1382.
2, 691
List the prime factors of 59872.
2, 1871
List the prime factors of 24535.
5, 7, 701
What are the prime factors of 36838?
2, 113, 163
What are the prime factors of 989?
23, 43
List the prime factors of 13450.
2, 5, 269
List the prime factors of 1096.
2, 137
List the prime factors of 151840.
2, 5, 13, 73
List the prime factors of 215.
5, 43
List the prime factors of 18194.
2, 11, 827
What are the prime factors of 36103?
79, 457
List the prime factors of 15233.
15233
What are the prime factors of 28749?
3, 7, 37
What are the prime factors of 5196?
2, 3, 433
List the prime factors of 17941.
7, 11, 233
List the prime factors of 3388.
2, 7, 11
What are the prime factors of 630?
2, 3, 5, 7
List the prime factors of 41238.
2, 3, 29, 79
What are the prime factors of 477?
3, 53
List the prime factors of 14497.
7, 19, 109
What are the prime factors of 99316?
2, 7, 3547
What are the prime factors of 2766?
2, 3, 461
What are the prime factors of 881?
881
What are the prime factors of 1715?
5, 7
List the prime factors of 432.
2, 3
What are the prime factors of 12694?
2, 11, 577
List the prime factors of 5716.
2, 1429
What are the prime factors of 17112?
2, 3, 23, 31
List the prime factors of 1888.
2, 59
What are the prime factors of 654?
2, 3, 109
List the prime factors of 28392.
2, 3, 7, 13
What are the prime factors of 27492?
2, 3, 29, 79
List the prime factors of 895.
5, 179
What are the prime factors of 652?
2, 163
List the prime factors of 31145.
5, 6229
What are the prime factors of 7699?
7699
What are the prime factors of 3076?
2, 769
What are the prime factors of 12512?
2, 17, 23
What are the prime factors of 12275?
5, 491
List the prime factors of 49816.
2, 13, 479
What are the prime factors of 7067?
37, 191
List the prime factors of 1855.
5, 7, 53
List the prime factors of 88079.
88079
What are the prime factors of 1103?
1103
What are the prime factors of 11256?
2, 3, 7, 67
What are the prime factors of 1309?
7, 11, 17
List the prime factors of 18735.
3, 5, 1249
List the prime factors of 14726.
2, 37, 199
What are the prime factors of 1653?
3, 19, 29
What are the prime factors of 10253?
10253
List the prime factors of 3047.
11, 277
What are the prime factors of 1303?
1303
List the prime factors of 2884.
2, 7, 103
What are the prime factors of 11474?
2, 5737
List the prime factors of 2631.
3, 877
List the prime factors of 34401.
3, 11467
List the prime factors of 10449.
3, 43
List the prime factors of 1560.
2, 3, 5, 13
List the prime factors of 1304.
2, 163
What are the prime factors of 32380?
2, 5, 1619
What are the prime factors of 3480?
2, 3, 5, 29
List the prime factors of 36948.
2, 3, 3079
What are the prime factors of 5401?
11, 491
What are the prime factors of 10615?
5, 11, 193
List the prime factors of 3476.
2, 11, 79
What are the prime factors of 7092?
2, 3, 197
What are the prime factors of 23611?
7, 3373
What are the prime factors of 47364?
2, 3, 3947
What are the prime factors of 2658?
2, 3, 443
List the prime factors of 2195.
5, 439
List the prime factors of 574.
2, 7, 41
What are the prime factors of 552?
2, 3, 23
What are the prime factors of 801?
3, 89
What are the prime factors of 40566?
2, 3, 6761
List the prime factors of 50623.
23, 31, 71
What are the prime factors of 97988?
2, 11, 17, 131
List the prime factors of 178.
2, 89
What are the prime factors of 40985?
5, 7, 1171
What are the prime factors of 853?
853
List the prime factors of 59917.
11, 13, 419
List the prime factors of 2026.
2, 1013
What are the prime factors of 554?
2, 277
List the prime factors of 51754.
2, 113, 229
List the prime factors of 14562.
2, 3, 809
List the prime factors of 1190.
2, 5, 7, 17
What are the prime factors of 2507?
23, 109
List the prime factors of 1221.
3, 11, 37
List the prime factors of 337.
337
List the prime factors of 46.
2, 23
What are the prime factors of 225?
3, 5
List the prime factors of 3706.
2, 17, 109
List the prime factors of 19542.
2, 3, 3257
List the prime factors of 1000.
2, 5
List the prime factors of 78007.
78007
List the prime factors of 96.
2, 3
What are the prime factors of 1137?
3, 379
What are the prime factors of 135683?
241, 563
List the prime factors of 12761.
7, 1823
What are the prime factors of 34321?
7, 4903
What are the prime factors of 29304?
2, 3, 11, 37
What are the prime factors of 11972?
2, 41, 73
List the prime factors of 187021.
29, 6449
What are the prime factors of 17997?
3, 7, 857
List the prime factors of 8659.
7, 1237
What are the prime factors of 8188?
2, 23, 89
List the prime factors of 318.
2, 3, 53
What are the prime factors of 19181?
19181
List the prime factors of 2426.
2, 1213
What are the prime factors of 12811?
23, 557
What are the prime factors of 2656?
2, 83
List the prime factors of 11292.
2, 3, 941
List the prime factors of 37586.
2, 18793
List the prime factors of 498.
2, 3, 83
List the prime factors of 517.
11, 47
List the prime factors of 51141.
3, 17047
List the prime factors of 881.
881
List the prime factors of 2345.
5, 7, 67
List the prime factors of 869.
11, 79
What are the prime factors of 113566?
2, 56783
List the prime factors of 2674.
2, 7, 191
List the prime factors of 5396.
2, 19, 71
What are the prime factors of 33613?
33613
What are the prime factors of 104?
2, 13
List the prime factors of 75418.
2, 7, 5387
What are the prime factors of 554?
2, 277
List the prime factors of 714.
2, 3, 7, 17
What are the prime factors of 5849?
5849
What are the prime factors of 1937?
13, 149
List the prime factors of 101614.
2, 23, 47
What are the prime factors of 1164?
2, 3, 97
List the prime factors of 787.
787
What are the prime factors of 67661?
11, 6151
What are the prime factors of 93280?
2, 5, 11, 53
What are the prime factors of 697?
17, 41
List the prime factors of 138189.
3, 73, 631
List the prime factors of 385.
5, 7, 11
What are the prime factors of 8583?
3, 2861
List